s**2 + 12*s - 118. Let a be p(35). Let i = -592 - a. What are the prime factors of i?
331
Suppose 0 = -2*o + i + 19, 2 + 12 = o + 4*i. What are the prime factors of o*3*100/8?
3, 5
Let u(k) = 161*k + 22. Let v be u(8). Suppose -62 - v = -4*i. Suppose -5*s = 5, -4*f - i = -8*f - s. List the prime factors of f.
2, 43
Let m be (5 - 3)/(-2*(-3)/(-12)). Let q be ((-6)/(-3))/(-1*m/488). What are the prime factors of (-8)/(-14) - q/(-14)?
2, 3
Let b be 46/(-6) + 8/12*1. List the prime factors of -2*(-3)/(-6) + (-1148)/b.
163
Let c be (4/2)/4 - 68/8. List the prime factors of 678 + c + 6 - (1 + -4).
7, 97
Let r(g) = 2*g + 6. Let z be r(-3). Let y = z + 3. What are the prime factors of y*6/(-9) - -136?
2, 67
Suppose 78 = 5*p - 52. Suppose -p*o + o + 7325 = 0. List the prime factors of o.
293
Let f(p) = -p**3 + p**2 - 2*p + 81. Suppose -20 = -5*i - 5*j, -12 + 0 = -i - 3*j. List the prime factors of f(i).
3
Let h = -18467 - -73120. What are the prime factors of h?
31, 41, 43
Let r(d) = 687*d - 838. What are the prime factors of r(16)?
2, 5077
What are the prime factors of (-12 + 6 + 4)*(0 - 1) + 6778?
2, 3, 5, 113
Suppose -h = -3*h - 10, 4*i - 2*h = 858. Suppose -5*g - 3*t - 267 = -0*g, -4*t - i = 4*g. Let s = -27 - g. List the prime factors of s.
3
Suppose -5*c + 5*i - 4 = 56, -i + 21 = -2*c. List the prime factors of (15/3)/(c + (-11620)/(-1290)).
3, 5, 43
Let x = 9 + -6. Let o be 3/((-3)/(-2)) + (x - -62). Let u = o - 40. List the prime factors of u.
3
Let h(r) = -r**2 + 9*r + 9. Let k be h(9). Suppose -288 = -k*m - 36. Suppose -36*o + 1784 = -m*o. List the prime factors of o.
223
Let n(m) be the first derivative of 0*m + 10 - 9/2*m**2. List the prime factors of n(-1).
3
Let c(q) = -9*q**3 - 5*q**2 - 3*q + 2. Let f be c(-2). What are the prime factors of 1092*(4 - f/18)?
2, 7, 13
Let m(g) = -118*g + 16. Let u(t) = -t. Let s(c) = -35*c + 5. Let f(z) = s(z) + 4*u(z). Let j(o) = -7*f(o) + 2*m(o). List the prime factors of j(3).
2, 3
Suppose -40*n + 42*n - 5*k - 398 = 0, -2*n + 446 = 3*k. List the prime factors of n.
2, 107
Suppose -22*q + 18*q + 16 = 0. Let p(d) = -17*d**3 + 2*d**2 + d + 1. Let a be p(-2). Suppose q*x - 5*x = -a. List the prime factors of x.
11, 13
Let w be -22 - (-1 - -2 - -3). Let x = w - -28. Suppose 3*v = t + 83, 149 = 5*v + x*t - t. List the prime factors of v.
29
Let n be ((-1 + 3)/1)/2. Suppose 5*k = -5*f + 20, n = 4*k + 2*f - 13. Suppose 3*u - y - 1 - 175 = 0, k*u = 2*y + 178. List the prime factors of u.
2, 29
Let w(h) be the first derivative of 3*h**3 + h**2/2 + 2*h + 16. Let c be w(-1). List the prime factors of (-1715)/14*(-12)/c.
3, 7
Suppose 0 = -4*c + 2*i + 18, 30*c = 32*c - 2*i - 8. List the prime factors of (4 - c)/((-18)/1980).
2, 5, 11
Suppose 2*d = -4*o + d - 154, o + 32 = 3*d. Let u(h) = -8*h - 30. List the prime factors of u(o).
2, 137
Suppose 302 + 1394 = 4*p. Let q = 447 - p. What are the prime factors of q?
23
Let l(j) = -j**2 - 16*j - 34. Let d be l(-14). Let y be (58/d)/(6/(-324)). Suppose 0 = -5*q + 2*q + y. What are the prime factors of q?
2, 3, 29
Suppose 0 = l + 2*i - 4*i - 1, -5*i + 5 = 0. Suppose -3*d = 3, l*d + 1 = -0*v - v. Suppose j + v*t = 6*t + 39, 2*t = -8. List the prime factors of j.
23
Let y = -270 - -269. Suppose -24 = 2*l + 2*l. What are the prime factors of (y - -1*(-3)/l)*-148?
2, 37
Suppose -2*b + 21*j - 19*j + 17696 = 0, -5*j + 17710 = 2*b. What are the prime factors of b?
2, 3, 5, 59
Suppose 18*u - 15*u + 12 = 0. Let r be (u/5)/((-8)/940). Let n = r + -68. What are the prime factors of n?
2, 13
Let s = 5606 + 803. What are the prime factors of s?
13, 17, 29
Let l(y) = y**3 + 16*y**2 - 10*y - 23. Let u be l(-16). Suppose 0 = -5*v + u + 143. Suppose 0 = 8*j - 7*j - v. What are the prime factors of j?
2, 7
List the prime factors of ((-15)/10 - -2)/((3/(-17210))/(-3)).
5, 1721
Let i be (-440056)/(-201) - 1/3. Suppose 15*c + 2*n = 18*c - i, 3659 = 5*c + 2*n. List the prime factors of c.
17, 43
Let x = 728 - 1489. What are the prime factors of (-3 - x)*1/2?
379
Suppose -2*u + y = -7839, -3*y - 16501 + 4741 = -3*u. List the prime factors of u.
3919
What are the prime factors of (-748345)/(-203) + (0 - (-1)/(7/4))?
3, 1229
Suppose -3*t - 132472 = -11*t. Suppose -t = -18*h - 1241. List the prime factors of h.
23, 37
Let t be ((-96)/80)/((-2)/11270). Suppose 2195 = 13*q - t. List the prime factors of q.
13, 53
Let r = 4390 - 2322. List the prime factors of r.
2, 11, 47
Let a(o) = 2*o**3 - 4*o**2 + 10*o - 4. Let p be a(4). Let u = 198 - p. What are the prime factors of (-26)/104 + u/16*2?
2, 3
Let t = -122 + 27. Let a = t - -93. What are the prime factors of (a/(-3))/((-4)/(-888))?
2, 37
Let g be (-1 - -1)/(3 - 5). Suppose 3*u - 5*s - 3 = 4*u, 5*u - s - 115 = g. Suppose -26*v = -u*v - 96. What are the prime factors of v?
2, 3
Let s(b) = 20*b + 34. Let o be s(-2). What are the prime factors of (o/3)/(58/(-23171))?
17, 47
Let s(w) = 5*w + 13. Let t be s(-2). Suppose -2*b + 4*f + 296 = 0, 5*b + 6*f - t*f - 753 = 0. List the prime factors of b.
2, 3, 5
Let f = 146 - 146. List the prime factors of f - -21*(-1 + 21).
2, 3, 5, 7
Suppose 241 = 11*g - 166. Let y = 42 - g. Suppose 3*k - v - 737 = 0, -y*k = -3*k - v - 491. List the prime factors of k.
2, 3, 41
Let w = 113969 + -49885. List the prime factors of w.
2, 37, 433
Suppose 15*f = -16*f - 15655. Let k = f + 915. What are the prime factors of k?
2, 5, 41
Let o(f) = 50*f**2 + 8*f + 117. List the prime factors of o(-13).
3, 7, 13, 31
Suppose -7*h = -8*h. Suppose 0 = s + p + 173, 4*s + 701 = -p - h*p. What are the prime factors of s*(0 + 2/(-4))?
2, 11
Let x be (7/14 - 3)*1*-2. List the prime factors of (-6)/(-12) + x - (-2)/4.
2, 3
What are the prime factors of 18/81*(-3)/(-4) - (-3700215)/162?
7, 13, 251
Let t = -6811 + 23046. List the prime factors of t.
5, 17, 191
Suppose -5*d + 534 = 3*s + 1783, 2*d - 1214 = 3*s. Let x = 771 + s. What are the prime factors of x?
3, 11
Let x(m) be the first derivative of m**3/3 + 7*m**2 + 10*m + 14. Let r be x(-11). What are the prime factors of (-86)/(-6)*(r + 29)?
2, 43
Let q(d) = 13*d**2 - 12. Let v(i) = -15*i**2 + 12. Let g(y) = 5*q(y) + 4*v(y). Let l be g(-4). Suppose -j - 23 = -l. List the prime factors of j.
3, 5
Let m be (66/99)/(-2 + (-794)/(-396)). Let s be (-1 - (-2)/1)*6. Suppose 20 = -f + s*f, -2*b + m = 2*f. List the prime factors of b.
2, 31
Suppose 76406 = 12*l - 5998. What are the prime factors of l?
3, 7, 109
Let l = -88 - -88. Suppose 24*k = -l*k + 1680. List the prime factors of k.
2, 5, 7
Let g(f) = 2 - 1 + 176*f**2 - 7 + 161*f - 163*f. What are the prime factors of g(-2)?
2, 3, 13
Let x = 48 + 148. Let a = x + -87. What are the prime factors of a?
109
Let a = 317 - 317. Suppose 686 = -5*h + 6*h + p, a = 2*p + 6. What are the prime factors of h?
13, 53
Suppose -f + 21 = -2*g, f = 4*f + 3. Let r be (g/(-22) - 1/2)/1. Suppose r*n + 618 = 6*n. What are the prime factors of n?
103
Let d(i) = -i + 21. Let w be d(8). Suppose 63 = w*s - 6*s. What are the prime factors of 312*(s/(-6))/(-3)?
2, 3, 13
Suppose 24*k = -u + 20*k + 29255, -6*u - 5*k + 175511 = 0. What are the prime factors of u?
29251
Let n(u) = -u**2 - 4*u + 14. Let b be n(-6). Suppose -4*p + 722 = -b*p. What are the prime factors of p?
19
Let v be (-6965)/20*6 - (-6)/12. Let m = -1382 - v. What are the prime factors of m?
7, 101
Let o = -8834 + 37163. What are the prime factors of o?
3, 7, 19, 71
Suppose 11*c - 16 = 7*c. Suppose -c*l + 1274 = 3*p, 1284 = 3*l + l - 2*p. List the prime factors of l.
2, 5
List the prime factors of 332/(-830) - (279557/(-5))/1.
3, 18637
Let f be 56/252 + 86/18. Suppose f*d = d + 5*t + 3238, t + 2423 = 3*d. What are the prime factors of d?
3, 269
Let q(j) be the second derivative of -11*j**2 - 28*j + 0 + 5/2*j**3. List the prime factors of q(7).
83
Let o(v) = -57*v - 2694. What are the prime factors of o(-87)?
3, 5, 151
Let i(v) = v**2 + 22*v - 97. Let b(y) = 2*y**2 + 43*y - 194. Let u(a) = -2*b(a) + 5*i(a). List the prime factors of u(-35).
2, 3
Let w(h) be the second derivative of h**4/2 + 73*h**3/6 - 6*h**2 + 5*h + 5. List the prime factors of w(-16).
2, 89
Let w be 22*2/4*(-1 + 2). Suppose -w*q + 16*q = 795. What are the prime factors of (0 - q/(-6))/((-6)/(-12))?
53
Let a = 24 + -20. Suppose 4*u + 19 + 1 =